 (6 + h)) + -1 is divided by w?
3
Let a = 139 - 86. Suppose -5*r - 32 = -2*p + a, -100 = -3*p + 2*r. Let v = p + -1. What is the remainder when v is divided by 8?
5
Calculate the remainder when (-444)/(-7) + (1 - -5 - (-13455)/(-2093)) is divided by 30.
3
Suppose -17*q + o = -13*q - 1846, -2*q - 4*o = -896. Calculate the remainder when 460 is divided by q.
0
Let j = -12760 + 12814. Calculate the remainder when 1561 is divided by j.
49
Let k = -6382 - -10993. What is the remainder when (k/212)/(1/8) is divided by 18?
12
Let i be (-128)/10*(-3 + 89/(-2)). Let v = i - 590. What is the remainder when 139 is divided by v?
13
Let g(c) = 6*c - 3. Suppose -3*q + 12 = q. Suppose 2*i - 1743 = -1627. Calculate the remainder when i is divided by g(q).
13
Let c(a) = -a**2 + 54*a - 640. What is the remainder when 2673 is divided by c(35)?
23
Suppose -71299 = -10*h - 12509. Calculate the remainder when h is divided by 56.
55
Let n(p) = 39*p**2 - 3*p + 11. What is the remainder when 381 is divided by n(2)?
59
Let a(n) be the second derivative of 5*n**4/12 + 5*n**3/6 + 2*n**2 - 14*n. Let t = 28 - 8. What is the remainder when t is divided by a(-2)?
6
Calculate the remainder when 43 is divided by 7/(-8 + -27) - 336/(-30).
10
What is the remainder when 28287 is divided by 117 + (15 - 20 - (-11 - 0))?
120
Let x(n) = 3*n**2 + 8*n - 37. Suppose 6*s + 3*s = -45. Let r be (9/s)/((-15)/50). What is the remainder when x(r) is divided by 30?
29
Let h = 1713 - 1692. Let v = 3 + 0. Suppose -12 = -n + i, -v*i - 13 = -n - i. What is the remainder when h is divided by n?
10
Suppose -5*v - 2*u = -114 - 14, -v + 5*u = -4. Let x be 2/(-3) + 33/9. Suppose x*t - t - 26 = 0. Calculate the remainder when v is divided by t.
11
Let n = 395 - 239. Suppose -4*v + n = 4*y, 10 = -3*v - 2*v. Suppose 0*l + 30 = 3*p + l, -24 = -4*p + 4*l. Calculate the remainder when y is divided by p.
5
Suppose k = -u - 15, -6*k - 25 = -k - 5*u. Let d = -17 - k. Calculate the remainder when 25 is divided by -1*(-2)/d - 279/(-21).
12
Suppose -3*l + 107 - 20 = 0. Let x = -712 + 761. What is the remainder when x is divided by l - -1*(-3 - -1)?
22
Let p(z) = -10 + 7*z - 3 - 5 + 3 - 12*z. What is the remainder when p(-19) is divided by 42?
38
Suppose -257 = -2*g - 183. Let d = 78 - g. Calculate the remainder when d is divided by 30.
11
What is the remainder when ((-2988)/126 - 8)*-105 is divided by 74?
0
Let q = 33 - -942. Let z = q + -384. Calculate the remainder when z is divided by 27.
24
Let f = -50 - -151. Let j(x) = -x**3 - 14*x**2 - 11*x + 14. Let p be j(-13). Calculate the remainder when f is divided by -35*(-6 - p - 7).
31
Let x be ((-15)/(-12))/(((-102)/5688)/(-17)). Suppose -6*g = -x + 729. Calculate the remainder when g is divided by 11.
10
Suppose -44 = 3*k - 7*k. Calculate the remainder when 27/1 - (71 - 61) is divided by k.
6
Suppose x + 2*x = 15. Suppose -2*h = -x*h - 261. Let a = h + 91. What is the remainder when a is divided by 2?
0
Suppose -25*q = -31*q + 24. Suppose f - q*r = -5, 3*f - r - 15 = r. What is the remainder when 31 is divided by f?
3
Suppose 57 = 7*z + 393. Let h = z - -54. Calculate the remainder when h is divided by 4.
2
Suppose -13 - 1 = -y. Suppose 2*v + 467 - 117 = 0. What is the remainder when y is divided by 2 + (-13)/6 - v/42?
2
Let h(d) = -3*d**3 + 30*d**2 + 42*d - 398. What is the remainder when 2676 is divided by h(10)?
14
Let h = -28425 + 29637. What is the remainder when h is divided by 37?
28
Suppose -4*h - 5*m + 56 = 0, 0*h - 3*m + 14 = h. Let p(w) = 5*w**2 + 17*w + 4. What is the remainder when p(h) is divided by 68?
66
What is the remainder when (203/(-203))/(2/(-9) - 1721/(-7785)) is divided by 11?
7
Suppose 0 = -4*a + 2*x + 5454, 5440 = -333*a + 337*a - 4*x. Calculate the remainder when a is divided by 270.
17
Let h(o) be the second derivative of -3*o**5/20 - 5*o**4/12 - 11*o**3/6 - 3*o**2 - 189*o. Calculate the remainder when h(-4) is divided by 11.
7
Suppose -168*z + 23681 + 5215 = 0. Calculate the remainder when 554 is divided by z.
38
Let q(g) = 3*g**2 + 2*g - 4. Let u be q(1). Calculate the remainder when (-1890)/(-35) + 0*u/(-2) is divided by 28.
26
Suppose -56*c - 54*c + 111*c - 288 = 0. Let y = 58 - 0. Calculate the remainder when c is divided by y.
56
Suppose 2*u + 2*w = 4*w + 1372, -4*u - 5*w = -2762. Let c = 701 - u. What is the remainder when c is divided by (-1)/(-3) - 5/(-3)?
1
Let l = -293 + 844. Let x = l + -478. What is the remainder when 81 is divided by x?
8
Suppose -3956*a = -3947*a - 297. Suppose c - 2*s - 26 = 0, 2*c + 3*s = 4*s + 43. Calculate the remainder when c/(-15)*(-282)/4 is divided by a.
28
Let l = -14 - -27. Let v = 300 + -280. What is the remainder when (v/12)/((-6)/(-180)) is divided by l?
11
Suppose 2*b - 18 + 8 = 0. Suppose 0 = b*u, -u + 5*u = 3*g - 33. Calculate the remainder when 140 is divided by g.
8
Calculate the remainder when (2538/9 - 15) + 12 is divided by 5.
4
Let m(x) = -x**3 - 36*x**2 + 103*x + 889. Calculate the remainder when m(-39) is divided by 357.
7
Suppose 237*k - 235*k = 3*n - 116, 2*n - 2*k - 80 = 0. Calculate the remainder when 1075 is divided by n.
31
Let s = 220 + -171. Calculate the remainder when (-15)/9 + 4820/12 + -9 is divided by s.
48
Suppose 11*h - 20 = 35. Suppose q + 4*q - 55 = 5*n, -4*n = h*q - 82. Let c = q - -24. Calculate the remainder when c is divided by 8.
6
Suppose 4*d + 199 - 3 = 4*o, 0 = -d + 2. Suppose p = -0*p + 5*c - 293, -3*c = 0. Let b = p + 304. Calculate the remainder when o is divided by b.
7
Suppose 13*o + 3532 - 14924 = -3*o. Calculate the remainder when o is divided by 135.
37
Suppose -40 = -2*p - 3*d, 2 = 3*d - 10. Calculate the remainder when ((-34)/(-4))/((-252)/(-1008)) is divided by p.
6
Suppose -1980 = -39*k - 147. What is the remainder when 243 is divided by k?
8
Let q be 1*-1 - (-35 + 30). Let y(d) = d**3 + 2*d**2 + 5*d + 4. Let m be y(q). Calculate the remainder when 12 is divided by 288/m - (-2)/(-5).
0
Suppose 2*h - 3*a = 105, -3*h - 2*a - 748 = -912. Let c(b) = -b**3 - 9*b**2 + 9*b + 2. What is the remainder when h is divided by c(-10)?
6
Suppose 4*c - 171 = -5*b, 0*b + 106 = 3*b - c. Let g be 14/(7 - 57/9). Let z = 87 - g. Calculate the remainder when z is divided by b.
31
What is the remainder when 11*133/209 + 1965/3 is divided by 71?
23
Suppose 671 = 21*t - 484. What is the remainder when 1042 is divided by t?
52
Let z(p) = -29*p - 88. Let g be z(-13). Let k = g + -243. Calculate the remainder when k is divided by 24.
22
Suppose 145*l - 360 = 105*l. What is the remainder when 603/4 - (-1)/4 is divided by l?
7
Let x(h) = -h + 2. Let a be x(-7). Suppose 324 = -a*m + 13*m. Suppose 0 = -2*n + 5*q + 52 + m, 3*q = -3. What is the remainder when n is divided by 6?
4
Suppose -374 + 224 = 17*r - 184. Calculate the remainder when 10 is divided by r.
0
Suppose 0 = -2127*o + 2140*o - 533. What is the remainder when 103 is divided by o?
21
Let k(i) = -8*i + 16*i - 9*i + 12. Calculate the remainder when 19 is divided by k(2).
9
Let a = -1 + 36. Suppose 0 = -8*s + a + 45. Let i = -313 + 362. Calculate the remainder when i is divided by s.
9
Let h be (-5 + 11 + -1)*(-4)/(-5). Suppose 3*g = i + 20 + 31, -17 = -g - h*i. What is the remainder when 151 is divided by g?
15
Let x(t) = t + 11. Let h be x(0). Suppose 0 = 4*u - h - 5. Suppose -2*g + 5*g + 207 = u*v, -4*g - 4 = 0. Calculate the remainder when v is divided by 6.
3
What is the remainder when 254 is divided by (-54 + (-3 - 7))/(-1)?
62
Suppose -9*z = 6*z - 134487 + 31827. Calculate the remainder when z is divided by 42.
40
Suppose 21 = -26*p + 73. Calculate the remainder when 95 is divided by (45/(-27) - -5)/(p/30).
45
Suppose -4*o + 90 = -5*h, 4*o - 66 = -3*h + 8. Let s(b) = -54*b. What is the remainder when s(-1) is divided by o?
14
Let z = -4 - -12. Let n(a) = -61*a - z + 138*a - 66*a. What is the remainder when n(2) is divided by 7?
0
Let o(f) = -38*f - 457. Calculate the remainder when o(-85) is divided by 185.
183
Suppose 4 = o + k, 2*o + k + 2*k = 5. What is the remainder when 3/(-1)*((-3058)/6)/11 is divided by o?
6
Suppose 1315 = -5*r - 4*f - 2445, r = 2*f - 766. Let p = r - -763. What is the remainder when 180 is divided by p?
5
Suppose 0 = 242*a - 20222 - 28662. What is the remainder when 1218 is divid